26
Calculate the greatest common divisor of 17 and 527.
17
What is the highest common factor of 86 and 20726?
86
Calculate the greatest common divisor of 240 and 552.
24
Calculate the greatest common divisor of 315 and 490.
35
Calculate the highest common divisor of 1075 and 50.
25
What is the greatest common divisor of 2002 and 104?
26
What is the greatest common divisor of 418 and 110?
22
What is the highest common factor of 182 and 14?
14
Calculate the highest common factor of 30 and 10.
10
What is the greatest common factor of 35 and 49?
7
Calculate the highest common factor of 2384 and 8.
8
Calculate the highest common factor of 253 and 22.
11
Calculate the greatest common divisor of 1152 and 40.
8
What is the greatest common factor of 552 and 64?
8
Calculate the greatest common factor of 803 and 292.
73
Calculate the greatest common divisor of 181 and 18643.
181
What is the greatest common divisor of 2529 and 279?
9
What is the highest common divisor of 5 and 445?
5
Calculate the greatest common divisor of 3 and 5.
1
What is the greatest common factor of 44 and 6028?
44
What is the greatest common factor of 70 and 7910?
70
What is the greatest common divisor of 1738 and 66?
22
Calculate the highest common factor of 33 and 891.
33
Calculate the highest common factor of 180 and 13740.
60
Calculate the highest common factor of 56 and 39172.
28
Calculate the highest common divisor of 270 and 34290.
270
What is the highest common factor of 551 and 19?
19
What is the greatest common factor of 156 and 6942?
78
What is the greatest common factor of 552 and 92?
92
What is the highest common factor of 144 and 16272?
144
Calculate the greatest common factor of 2992 and 704.
176
Calculate the greatest common factor of 42 and 3556.
14
Calculate the highest common factor of 30 and 730.
10
What is the highest common factor of 42 and 1820?
14
Calculate the highest common divisor of 112 and 14.
14
What is the highest common divisor of 68 and 6630?
34
Calculate the greatest common factor of 196 and 28028.
196
What is the greatest common divisor of 15 and 134895?
15
Calculate the greatest common divisor of 143 and 13.
13
Calculate the greatest common divisor of 1544 and 16.
8
Calculate the highest common factor of 2 and 62.
2
Calculate the highest common factor of 1178 and 1216.
38
Calculate the highest common factor of 22 and 748.
22
Calculate the highest common divisor of 19 and 437.
19
What is the highest common divisor of 42 and 350?
14
What is the greatest common divisor of 348 and 48?
12
What is the highest common divisor of 7 and 329?
7
What is the highest common factor of 10260 and 24?
12
What is the greatest common factor of 192 and 144?
48
What is the greatest common divisor of 327 and 1744?
109
Calculate the highest common divisor of 1508 and 8236.
116
What is the greatest common factor of 45844 and 292?
292
What is the highest common factor of 18 and 261?
9
Calculate the greatest common factor of 1089 and 198.
99
What is the greatest common factor of 17173 and 91?
13
Calculate the highest common factor of 7609 and 35.
7
Calculate the highest common divisor of 33 and 528.
33
Calculate the greatest common factor of 88 and 112.
8
What is the highest common factor of 32 and 40?
8
What is the greatest common factor of 22 and 22?
22
Calculate the highest common divisor of 732 and 96.
12
What is the highest common factor of 723 and 12773?
241
What is the greatest common factor of 744 and 192?
24
Calculate the greatest common factor of 498 and 5644.
166
What is the greatest common divisor of 68 and 5746?
34
What is the greatest common divisor of 27 and 6?
3
Calculate the greatest common factor of 636 and 36.
12
What is the highest common factor of 41 and 287?
41
Calculate the greatest common factor of 2204 and 874.
38
Calculate the highest common factor of 14 and 322.
14
Calculate the greatest common factor of 469 and 28.
7
Calculate the greatest common divisor of 12 and 4432.
4
Calculate the greatest common divisor of 16 and 36.
4
What is the greatest common factor of 2112 and 99?
33
What is the greatest common divisor of 258 and 1247?
43
What is the highest common factor of 1305 and 585?
45
Calculate the highest common divisor of 231 and 539.
77
What is the highest common factor of 12 and 64?
4
What is the highest common factor of 22 and 36113?
11
What is the greatest common factor of 1280 and 496?
16
Calculate the greatest common factor of 4 and 1056.
4
Calculate the greatest common divisor of 4928 and 168.
56
Calculate the greatest common divisor of 11577 and 51.
51
What is the highest common factor of 19 and 24529?
19
Calculate the highest common factor of 155 and 275.
5
What is the greatest common divisor of 34 and 2159?
17
Calculate the greatest common divisor of 2748 and 3893.
229
What is the greatest common factor of 3827 and 356?
89
Calculate the greatest common factor of 5 and 79.
1
What is the greatest common factor of 11 and 572?
11
What is the highest common factor of 4108 and 1106?
158
Calculate the highest common factor of 36 and 10188.
36
Calculate the highest common factor of 12 and 42.
6
What is the highest common factor of 264 and 48?
24
What is the highest common factor of 155 and 15?
5
Calculate the greatest common factor of 53 and 1431.
53
Calculate the greatest common divisor of 559 and 65.
13
What is the greatest common factor of 31 and 620?
31
Calculate the greatest common factor of 10986 and 12.
6
Calculate the highest common divisor of 1027 and 481.
13
What is the greatest common divisor of 66 and 1398?
6
What is the greatest common factor of 51 and 391?
17
Calculate the greatest common factor of 1614 and 9.
3
Calculate the highest common factor of 117 and 17784.
117
Calculate the greatest common divisor of 275 and 220.
55
Calculate the greatest common divisor of 15 and 24.
3
What is the greatest common divisor of 100 and 27100?
100
Calculate the highest common divisor of 8 and 9112.
8
Calculate the greatest common factor of 132 and 888.
12
Calculate the highest common divisor of 3366 and 204.
102
What is the greatest common factor of 30 and 1770?
30
Calculate the greatest common factor of 1912 and 8.
8
Calculate the highest common divisor of 32 and 72.
8
Calculate the highest common divisor of 20 and 1670.
10
Calculate the greatest common factor of 873 and 9.
9
What is the greatest common divisor of 828 and 234?
18
Calculate the highest common divisor of 21 and 7203.
21
What is the greatest common factor of 34 and 6?
2
Calculate the highest common factor of 10825 and 25.
25
Calculate the highest common factor of 78 and 189.
3
What is the greatest common divisor of 6992 and 3312?
368
What is the greatest common divisor of 2048 and 160?
32
What is the highest common divisor of 486 and 72?
18
What is the greatest common divisor of 448 and 1600?
64
What is the highest common factor of 9 and 12?
3
What is the highest common divisor of 24 and 4716?
12
What is the greatest common divisor of 1431 and 2403?
27
What is the highest common divisor of 28 and 1561?
7
What is the greatest common divisor of 2 and 2?
2
What is the greatest common factor of 30 and 30?
30
What is the highest common divisor of 243 and 432?
27
What is the greatest common factor of 1780 and 623?
89
What is the greatest common factor of 1062 and 558?
18
What is the greatest common divisor of 2934 and 18?
18
Calculate the greatest common divisor of 24 and 108.
12
What is the highest common divisor of 6 and 615?
3
Calculate the highest common factor of 105 and 135.
15
Calculate the greatest common factor of 1625 and 1125.
125
What is the greatest common divisor of 5103 and 189?
189
Calculate the greatest common factor of 627 and 75.
3
Calculate the highest common factor of 1012 and 368.
92
Calculate the highest common divisor of 1012 and 176.
44
Calculate the greatest common factor of 136 and 96.
8
What is the greatest common factor of 1089 and 242?
121
Calculate the highest common factor of 2214 and 54.
54
What is the greatest common divisor of 17 and 697?
17
Calculate the highest common factor of 11 and 2.
1
Calculate the greatest common divisor of 22 and 3938.
22
What is the greatest common divisor of 229 and 19?
1
Calculate the highest common divisor of 21